{"id":9284,"date":"2025-03-18T15:33:38","date_gmt":"2025-03-18T14:33:38","guid":{"rendered":"https:\/\/lan-com.dk\/vare\/19-rack-42he-h2080xb600xd600mm-pd\/"},"modified":"2026-03-30T14:12:57","modified_gmt":"2026-03-30T12:12:57","slug":"19-rack-42he-h2080xb600xd600mm-pd","status":"publish","type":"product","link":"https:\/\/lan-com.dk\/shop\/vare\/19-rack-42he-h2080xb600xd600mm-pd\/","title":{"rendered":"19&#8243; RACK 42HE H2080XB600XD600MM PD"},"content":{"rendered":"<ul>\n<li>19\u201d Gulvrack for data og server installatoner.<\/li>\n<li>Materiale: Pulverlakeret st\u00e5l. 1,5 mm <\/li>\n<li>Leveres med 19\u201d op-sp\u00e6nding for og bag.<\/li>\n<li>Farve: sort RAL 9005<\/li>\n<li>D\u00f8r: Pladed\u00f8r<\/li>\n<li>Afl\u00e5selige bag og sideplader. <\/li>\n<li>L\u00e5s: 1 punkt vridergreb Eurolock<\/li>\n<li>Aftagelig ford\u00f8r, som kan h\u00f8jre\/venstre vendes<\/li>\n<li>Forberedt for: Ruko<\/li>\n<li>Topplade forberedt for ventilation.<\/li>\n<li>Opsp\u00e6nding: 19\u201d for og bag.<\/li>\n<li>Top og bundplade med 3 kabelindgange.<\/li>\n<li>Electrosteel (ledende)<\/li>\n<li>Bagerste kabelindgange er justerbare, og foret med<\/li>\n<li>St\u00f8rrelse: H2080xB600xD600 mm<\/li>\n<li>EDM gummi for at beskytte kablerne.<\/li>\n<li>HE: 42HE<\/li>\n<li>Max belastning: 1500 kg<\/li>\n<li>Jording: Plint<\/li>\n<li>Tilbeh\u00f8rs program: Stort<\/li>\n<li>Leveres: samlet<\/li>\n<li>F\u00f8dder: 4 stk. nivelerbare<\/li>\n<\/ul>\n","protected":false},"excerpt":{"rendered":"<p>19\u201d Gulvrack for data og server installatoner. Materiale: Pulverlakeret st\u00e5l. 1,5 mm Leveres med 19\u201d op-sp\u00e6nding for og bag. Farve: sort RAL 9005 D\u00f8r: Pladed\u00f8r Afl\u00e5selige bag og sideplader. L\u00e5s: 1 punkt vridergreb Eurolock Aftagelig ford\u00f8r, som kan h\u00f8jre\/venstre vendes Forberedt for: Ruko Topplade forberedt for ventilation. Opsp\u00e6nding: 19\u201d for og bag. Top og bundplade [&hellip;]<\/p>\n","protected":false},"featured_media":12708,"template":"","meta":{"_acf_changed":false},"product_brand":[],"product_cat":[163],"product_tag":[],"class_list":{"0":"post-9284","1":"product","2":"type-product","3":"status-publish","4":"has-post-thumbnail","6":"product_cat-gulv-og-server-rack","8":"first","9":"instock","10":"taxable","11":"shipping-taxable","12":"product-type-simple"},"acf":[],"yoast_head":"<!-- This site is optimized with the Yoast SEO plugin v24.8.1 - https:\/\/yoast.com\/wordpress\/plugins\/seo\/ -->\n<title>19&quot; RACK 42HE H2080XB600XD600MM PD - Lan-Com A\/S<\/title>\n<meta name=\"robots\" content=\"index, follow, max-snippet:-1, max-image-preview:large, max-video-preview:-1\" \/>\n<link rel=\"canonical\" href=\"https:\/\/lan-com.dk\/shop\/vare\/19-rack-42he-h2080xb600xd600mm-pd\/\" \/>\n<meta property=\"og:locale\" content=\"da_DK\" \/>\n<meta property=\"og:type\" content=\"article\" \/>\n<meta property=\"og:title\" content=\"19&quot; RACK 42HE H2080XB600XD600MM PD - Lan-Com A\/S\" \/>\n<meta property=\"og:description\" content=\"19\u201d Gulvrack for data og server installatoner. Materiale: Pulverlakeret st\u00e5l. 1,5 mm Leveres med 19\u201d op-sp\u00e6nding for og bag. Farve: sort RAL 9005 D\u00f8r: Pladed\u00f8r Afl\u00e5selige bag og sideplader. L\u00e5s: 1 punkt vridergreb Eurolock Aftagelig ford\u00f8r, som kan h\u00f8jre\/venstre vendes Forberedt for: Ruko Topplade forberedt for ventilation. Opsp\u00e6nding: 19\u201d for og bag. Top og bundplade [&hellip;]\" \/>\n<meta property=\"og:url\" content=\"https:\/\/lan-com.dk\/shop\/vare\/19-rack-42he-h2080xb600xd600mm-pd\/\" \/>\n<meta property=\"og:site_name\" content=\"Lan-Com A\/S\" \/>\n<meta property=\"article:modified_time\" content=\"2026-03-30T12:12:57+00:00\" \/>\n<meta property=\"og:image\" content=\"https:\/\/lan-com.dk\/shop\/wp-content\/uploads\/2025\/03\/248222.jpg\" \/>\n\t<meta property=\"og:image:width\" content=\"458\" \/>\n\t<meta property=\"og:image:height\" content=\"458\" \/>\n\t<meta property=\"og:image:type\" content=\"image\/jpeg\" \/>\n<meta name=\"twitter:card\" content=\"summary_large_image\" \/>\n<script type=\"application\/ld+json\" class=\"yoast-schema-graph\">{\"@context\":\"https:\/\/schema.org\",\"@graph\":[{\"@type\":\"WebPage\",\"@id\":\"https:\/\/lan-com.dk\/shop\/vare\/19-rack-42he-h2080xb600xd600mm-pd\/\",\"url\":\"https:\/\/lan-com.dk\/shop\/vare\/19-rack-42he-h2080xb600xd600mm-pd\/\",\"name\":\"19\\\" RACK 42HE H2080XB600XD600MM PD - Lan-Com A\/S\",\"isPartOf\":{\"@id\":\"https:\/\/lan-com.dk\/#website\"},\"primaryImageOfPage\":{\"@id\":\"https:\/\/lan-com.dk\/shop\/vare\/19-rack-42he-h2080xb600xd600mm-pd\/#primaryimage\"},\"image\":{\"@id\":\"https:\/\/lan-com.dk\/shop\/vare\/19-rack-42he-h2080xb600xd600mm-pd\/#primaryimage\"},\"thumbnailUrl\":\"https:\/\/lan-com.dk\/shop\/wp-content\/uploads\/2025\/03\/248222.jpg\",\"datePublished\":\"2025-03-18T14:33:38+00:00\",\"dateModified\":\"2026-03-30T12:12:57+00:00\",\"breadcrumb\":{\"@id\":\"https:\/\/lan-com.dk\/shop\/vare\/19-rack-42he-h2080xb600xd600mm-pd\/#breadcrumb\"},\"inLanguage\":\"da-DK\",\"potentialAction\":[{\"@type\":\"ReadAction\",\"target\":[\"https:\/\/lan-com.dk\/shop\/vare\/19-rack-42he-h2080xb600xd600mm-pd\/\"]}]},{\"@type\":\"ImageObject\",\"inLanguage\":\"da-DK\",\"@id\":\"https:\/\/lan-com.dk\/shop\/vare\/19-rack-42he-h2080xb600xd600mm-pd\/#primaryimage\",\"url\":\"https:\/\/lan-com.dk\/shop\/wp-content\/uploads\/2025\/03\/248222.jpg\",\"contentUrl\":\"https:\/\/lan-com.dk\/shop\/wp-content\/uploads\/2025\/03\/248222.jpg\",\"width\":458,\"height\":458},{\"@type\":\"BreadcrumbList\",\"@id\":\"https:\/\/lan-com.dk\/shop\/vare\/19-rack-42he-h2080xb600xd600mm-pd\/#breadcrumb\",\"itemListElement\":[{\"@type\":\"ListItem\",\"position\":1,\"name\":\"Home\",\"item\":\"https:\/\/lan-com.dk\/shop\/\"},{\"@type\":\"ListItem\",\"position\":2,\"name\":\"Shop\",\"item\":\"https:\/\/lan-com.dk\/shop\/\"},{\"@type\":\"ListItem\",\"position\":3,\"name\":\"19&#8243; RACK 42HE H2080XB600XD600MM PD\"}]},{\"@type\":\"WebSite\",\"@id\":\"https:\/\/lan-com.dk\/#website\",\"url\":\"https:\/\/lan-com.dk\/\",\"name\":\"Lan-Com A\/S\",\"description\":\"Leverand\u00f8rer af IT-kabelsystemer til El og tele markedet\",\"publisher\":{\"@id\":\"https:\/\/lan-com.dk\/#organization\"},\"potentialAction\":[{\"@type\":\"SearchAction\",\"target\":{\"@type\":\"EntryPoint\",\"urlTemplate\":\"https:\/\/lan-com.dk\/?s={search_term_string}\"},\"query-input\":{\"@type\":\"PropertyValueSpecification\",\"valueRequired\":true,\"valueName\":\"search_term_string\"}}],\"inLanguage\":\"da-DK\"},{\"@type\":\"Organization\",\"@id\":\"https:\/\/lan-com.dk\/#organization\",\"name\":\"Lan-Com A\/S\",\"url\":\"https:\/\/lan-com.dk\/\",\"logo\":{\"@type\":\"ImageObject\",\"inLanguage\":\"da-DK\",\"@id\":\"https:\/\/lan-com.dk\/#\/schema\/logo\/image\/\",\"url\":\"https:\/\/lan-com.dk\/shop\/wp-content\/uploads\/2024\/11\/cropped-lan-com-logo.png\",\"contentUrl\":\"https:\/\/lan-com.dk\/shop\/wp-content\/uploads\/2024\/11\/cropped-lan-com-logo.png\",\"width\":246,\"height\":43,\"caption\":\"Lan-Com A\/S\"},\"image\":{\"@id\":\"https:\/\/lan-com.dk\/#\/schema\/logo\/image\/\"}}]}<\/script>\n<!-- \/ Yoast SEO plugin. -->","yoast_head_json":{"title":"19\" RACK 42HE H2080XB600XD600MM PD - Lan-Com A\/S","robots":{"index":"index","follow":"follow","max-snippet":"max-snippet:-1","max-image-preview":"max-image-preview:large","max-video-preview":"max-video-preview:-1"},"canonical":"https:\/\/lan-com.dk\/shop\/vare\/19-rack-42he-h2080xb600xd600mm-pd\/","og_locale":"da_DK","og_type":"article","og_title":"19\" RACK 42HE H2080XB600XD600MM PD - Lan-Com A\/S","og_description":"19\u201d Gulvrack for data og server installatoner. Materiale: Pulverlakeret st\u00e5l. 1,5 mm Leveres med 19\u201d op-sp\u00e6nding for og bag. Farve: sort RAL 9005 D\u00f8r: Pladed\u00f8r Afl\u00e5selige bag og sideplader. L\u00e5s: 1 punkt vridergreb Eurolock Aftagelig ford\u00f8r, som kan h\u00f8jre\/venstre vendes Forberedt for: Ruko Topplade forberedt for ventilation. Opsp\u00e6nding: 19\u201d for og bag. Top og bundplade [&hellip;]","og_url":"https:\/\/lan-com.dk\/shop\/vare\/19-rack-42he-h2080xb600xd600mm-pd\/","og_site_name":"Lan-Com A\/S","article_modified_time":"2026-03-30T12:12:57+00:00","og_image":[{"width":458,"height":458,"url":"https:\/\/lan-com.dk\/shop\/wp-content\/uploads\/2025\/03\/248222.jpg","type":"image\/jpeg"}],"twitter_card":"summary_large_image","schema":{"@context":"https:\/\/schema.org","@graph":[{"@type":"WebPage","@id":"https:\/\/lan-com.dk\/shop\/vare\/19-rack-42he-h2080xb600xd600mm-pd\/","url":"https:\/\/lan-com.dk\/shop\/vare\/19-rack-42he-h2080xb600xd600mm-pd\/","name":"19\" RACK 42HE H2080XB600XD600MM PD - Lan-Com A\/S","isPartOf":{"@id":"https:\/\/lan-com.dk\/#website"},"primaryImageOfPage":{"@id":"https:\/\/lan-com.dk\/shop\/vare\/19-rack-42he-h2080xb600xd600mm-pd\/#primaryimage"},"image":{"@id":"https:\/\/lan-com.dk\/shop\/vare\/19-rack-42he-h2080xb600xd600mm-pd\/#primaryimage"},"thumbnailUrl":"https:\/\/lan-com.dk\/shop\/wp-content\/uploads\/2025\/03\/248222.jpg","datePublished":"2025-03-18T14:33:38+00:00","dateModified":"2026-03-30T12:12:57+00:00","breadcrumb":{"@id":"https:\/\/lan-com.dk\/shop\/vare\/19-rack-42he-h2080xb600xd600mm-pd\/#breadcrumb"},"inLanguage":"da-DK","potentialAction":[{"@type":"ReadAction","target":["https:\/\/lan-com.dk\/shop\/vare\/19-rack-42he-h2080xb600xd600mm-pd\/"]}]},{"@type":"ImageObject","inLanguage":"da-DK","@id":"https:\/\/lan-com.dk\/shop\/vare\/19-rack-42he-h2080xb600xd600mm-pd\/#primaryimage","url":"https:\/\/lan-com.dk\/shop\/wp-content\/uploads\/2025\/03\/248222.jpg","contentUrl":"https:\/\/lan-com.dk\/shop\/wp-content\/uploads\/2025\/03\/248222.jpg","width":458,"height":458},{"@type":"BreadcrumbList","@id":"https:\/\/lan-com.dk\/shop\/vare\/19-rack-42he-h2080xb600xd600mm-pd\/#breadcrumb","itemListElement":[{"@type":"ListItem","position":1,"name":"Home","item":"https:\/\/lan-com.dk\/shop\/"},{"@type":"ListItem","position":2,"name":"Shop","item":"https:\/\/lan-com.dk\/shop\/"},{"@type":"ListItem","position":3,"name":"19&#8243; RACK 42HE H2080XB600XD600MM PD"}]},{"@type":"WebSite","@id":"https:\/\/lan-com.dk\/#website","url":"https:\/\/lan-com.dk\/","name":"Lan-Com A\/S","description":"Leverand\u00f8rer af IT-kabelsystemer til El og tele markedet","publisher":{"@id":"https:\/\/lan-com.dk\/#organization"},"potentialAction":[{"@type":"SearchAction","target":{"@type":"EntryPoint","urlTemplate":"https:\/\/lan-com.dk\/?s={search_term_string}"},"query-input":{"@type":"PropertyValueSpecification","valueRequired":true,"valueName":"search_term_string"}}],"inLanguage":"da-DK"},{"@type":"Organization","@id":"https:\/\/lan-com.dk\/#organization","name":"Lan-Com A\/S","url":"https:\/\/lan-com.dk\/","logo":{"@type":"ImageObject","inLanguage":"da-DK","@id":"https:\/\/lan-com.dk\/#\/schema\/logo\/image\/","url":"https:\/\/lan-com.dk\/shop\/wp-content\/uploads\/2024\/11\/cropped-lan-com-logo.png","contentUrl":"https:\/\/lan-com.dk\/shop\/wp-content\/uploads\/2024\/11\/cropped-lan-com-logo.png","width":246,"height":43,"caption":"Lan-Com A\/S"},"image":{"@id":"https:\/\/lan-com.dk\/#\/schema\/logo\/image\/"}}]}},"_links":{"self":[{"href":"https:\/\/lan-com.dk\/shop\/wp-json\/wp\/v2\/product\/9284","targetHints":{"allow":["GET"]}}],"collection":[{"href":"https:\/\/lan-com.dk\/shop\/wp-json\/wp\/v2\/product"}],"about":[{"href":"https:\/\/lan-com.dk\/shop\/wp-json\/wp\/v2\/types\/product"}],"wp:featuredmedia":[{"embeddable":true,"href":"https:\/\/lan-com.dk\/shop\/wp-json\/wp\/v2\/media\/12708"}],"wp:attachment":[{"href":"https:\/\/lan-com.dk\/shop\/wp-json\/wp\/v2\/media?parent=9284"}],"wp:term":[{"taxonomy":"product_brand","embeddable":true,"href":"https:\/\/lan-com.dk\/shop\/wp-json\/wp\/v2\/product_brand?post=9284"},{"taxonomy":"product_cat","embeddable":true,"href":"https:\/\/lan-com.dk\/shop\/wp-json\/wp\/v2\/product_cat?post=9284"},{"taxonomy":"product_tag","embeddable":true,"href":"https:\/\/lan-com.dk\/shop\/wp-json\/wp\/v2\/product_tag?post=9284"}],"curies":[{"name":"wp","href":"https:\/\/api.w.org\/{rel}","templated":true}]}}