{"id":15578,"date":"2025-04-23T14:07:12","date_gmt":"2025-04-23T12:07:12","guid":{"rendered":"https:\/\/lan-com.dk\/vare\/giga-lan-s-ftp-kabel-4x2xawg23-kat7-lszh-hvid\/"},"modified":"2026-04-09T16:45:46","modified_gmt":"2026-04-09T14:45:46","slug":"giga-lan-s-ftp-kabel-4x2xawg23-kat7-lszh-hvid","status":"publish","type":"product","link":"https:\/\/lan-com.dk\/shop\/vare\/giga-lan-s-ftp-kabel-4x2xawg23-kat7-lszh-hvid\/","title":{"rendered":"GIGA-LAN S-FTP KABEL 4X2XAWG23 KAT7 LSZH HVID  1000 MHZ 500M TRL CPR:DCA"},"content":{"rendered":"<ul>\n<li>Anvendes i et struktureret kabelsystem<\/li>\n<li>Kategori 7 S-FTP<\/li>\n<li>mellem krydsfelt og udtag for transmission<\/li>\n<li>Transmissionshastighed: 10 Gbps<\/li>\n<li>af tele- og h\u00f8jhastighedsdata. Kablet er et PIMF-<\/li>\n<li>Frekvens: 1000 Mhz.<\/li>\n<li>kabel og har en b\u00e5ndbredde p\u00e5 1000 Mhz.<\/li>\n<li>Impedans: 100 +\/- 15 ohm<\/li>\n<li>NVP v\u00e6rdi: 74%<\/li>\n<li>EMC klasse: D<\/li>\n<li>CPR: Dca<\/li>\n<li>DoP dok.: GL-122507<\/li>\n<li>Antal par: 4<\/li>\n<li>Leder: AWG23 massiv kobber<\/li>\n<li>Lederisolation: PE<\/li>\n<li>Kappe: LSZH<\/li>\n<li>Kappefarve: Hvid<\/li>\n<li>Sk\u00e6rm: Individuel folie + f\u00e6lles flettet sk\u00e6rm<\/li>\n<li>Standard: EIA\/TIA 568B, ISO 11801, EN 50173-2<\/li>\n<li>Opl\u00e6gning: Tromle  500 m <\/li>\n<\/ul>\n","protected":false},"excerpt":{"rendered":"<p>1000 MHZ 500M TRL CPR:DCA<\/p>\n","protected":false},"featured_media":18782,"template":"","meta":{"_acf_changed":false},"product_brand":[],"product_cat":[123],"product_tag":[],"class_list":{"0":"post-15578","1":"product","2":"type-product","3":"status-publish","4":"has-post-thumbnail","6":"product_cat-datakabler-strukturerede-kabelsystemer","8":"first","9":"instock","10":"taxable","11":"shipping-taxable","12":"product-type-simple"},"acf":[],"yoast_head":"<!-- This site is optimized with the Yoast SEO plugin v24.8.1 - https:\/\/yoast.com\/wordpress\/plugins\/seo\/ -->\n<title>GIGA-LAN S-FTP KABEL 4X2XAWG23 KAT7 LSZH HVID 1000 MHZ 500M TRL CPR:DCA - Lan-Com A\/S<\/title>\n<meta name=\"robots\" content=\"index, follow, max-snippet:-1, max-image-preview:large, max-video-preview:-1\" \/>\n<link rel=\"canonical\" href=\"https:\/\/lan-com.dk\/shop\/vare\/giga-lan-s-ftp-kabel-4x2xawg23-kat7-lszh-hvid\/\" \/>\n<meta property=\"og:locale\" content=\"da_DK\" \/>\n<meta property=\"og:type\" content=\"article\" \/>\n<meta property=\"og:title\" content=\"GIGA-LAN S-FTP KABEL 4X2XAWG23 KAT7 LSZH HVID 1000 MHZ 500M TRL CPR:DCA - Lan-Com A\/S\" \/>\n<meta property=\"og:description\" content=\"1000 MHZ 500M TRL CPR:DCA\" \/>\n<meta property=\"og:url\" content=\"https:\/\/lan-com.dk\/shop\/vare\/giga-lan-s-ftp-kabel-4x2xawg23-kat7-lszh-hvid\/\" \/>\n<meta property=\"og:site_name\" content=\"Lan-Com A\/S\" \/>\n<meta property=\"article:modified_time\" content=\"2026-04-09T14:45:46+00:00\" \/>\n<meta property=\"og:image\" content=\"https:\/\/lan-com.dk\/wp-content\/uploads\/2025\/04\/122507.jpg\" \/>\n\t<meta property=\"og:image:width\" content=\"1800\" \/>\n\t<meta property=\"og:image:height\" content=\"460\" \/>\n\t<meta property=\"og:image:type\" content=\"image\/jpeg\" \/>\n<meta name=\"twitter:card\" content=\"summary_large_image\" \/>\n<script type=\"application\/ld+json\" class=\"yoast-schema-graph\">{\"@context\":\"https:\/\/schema.org\",\"@graph\":[{\"@type\":\"WebPage\",\"@id\":\"https:\/\/lan-com.dk\/shop\/vare\/giga-lan-s-ftp-kabel-4x2xawg23-kat7-lszh-hvid\/\",\"url\":\"https:\/\/lan-com.dk\/shop\/vare\/giga-lan-s-ftp-kabel-4x2xawg23-kat7-lszh-hvid\/\",\"name\":\"GIGA-LAN S-FTP KABEL 4X2XAWG23 KAT7 LSZH HVID 1000 MHZ 500M TRL CPR:DCA - Lan-Com A\/S\",\"isPartOf\":{\"@id\":\"https:\/\/lan-com.dk\/#website\"},\"primaryImageOfPage\":{\"@id\":\"https:\/\/lan-com.dk\/shop\/vare\/giga-lan-s-ftp-kabel-4x2xawg23-kat7-lszh-hvid\/#primaryimage\"},\"image\":{\"@id\":\"https:\/\/lan-com.dk\/shop\/vare\/giga-lan-s-ftp-kabel-4x2xawg23-kat7-lszh-hvid\/#primaryimage\"},\"thumbnailUrl\":\"https:\/\/lan-com.dk\/shop\/wp-content\/uploads\/2026\/04\/122507.jpg\",\"datePublished\":\"2025-04-23T12:07:12+00:00\",\"dateModified\":\"2026-04-09T14:45:46+00:00\",\"breadcrumb\":{\"@id\":\"https:\/\/lan-com.dk\/shop\/vare\/giga-lan-s-ftp-kabel-4x2xawg23-kat7-lszh-hvid\/#breadcrumb\"},\"inLanguage\":\"da-DK\",\"potentialAction\":[{\"@type\":\"ReadAction\",\"target\":[\"https:\/\/lan-com.dk\/shop\/vare\/giga-lan-s-ftp-kabel-4x2xawg23-kat7-lszh-hvid\/\"]}]},{\"@type\":\"ImageObject\",\"inLanguage\":\"da-DK\",\"@id\":\"https:\/\/lan-com.dk\/shop\/vare\/giga-lan-s-ftp-kabel-4x2xawg23-kat7-lszh-hvid\/#primaryimage\",\"url\":\"https:\/\/lan-com.dk\/shop\/wp-content\/uploads\/2026\/04\/122507.jpg\",\"contentUrl\":\"https:\/\/lan-com.dk\/shop\/wp-content\/uploads\/2026\/04\/122507.jpg\",\"width\":1800,\"height\":460},{\"@type\":\"BreadcrumbList\",\"@id\":\"https:\/\/lan-com.dk\/shop\/vare\/giga-lan-s-ftp-kabel-4x2xawg23-kat7-lszh-hvid\/#breadcrumb\",\"itemListElement\":[{\"@type\":\"ListItem\",\"position\":1,\"name\":\"Home\",\"item\":\"https:\/\/lan-com.dk\/shop\/\"},{\"@type\":\"ListItem\",\"position\":2,\"name\":\"Shop\",\"item\":\"https:\/\/lan-com.dk\/shop\/\"},{\"@type\":\"ListItem\",\"position\":3,\"name\":\"GIGA-LAN S-FTP KABEL 4X2XAWG23 KAT7 LSZH HVID 1000 MHZ 500M TRL CPR:DCA\"}]},{\"@type\":\"WebSite\",\"@id\":\"https:\/\/lan-com.dk\/#website\",\"url\":\"https:\/\/lan-com.dk\/\",\"name\":\"Lan-Com A\/S\",\"description\":\"Leverand\u00f8rer af IT-kabelsystemer til El og tele markedet\",\"publisher\":{\"@id\":\"https:\/\/lan-com.dk\/#organization\"},\"potentialAction\":[{\"@type\":\"SearchAction\",\"target\":{\"@type\":\"EntryPoint\",\"urlTemplate\":\"https:\/\/lan-com.dk\/?s={search_term_string}\"},\"query-input\":{\"@type\":\"PropertyValueSpecification\",\"valueRequired\":true,\"valueName\":\"search_term_string\"}}],\"inLanguage\":\"da-DK\"},{\"@type\":\"Organization\",\"@id\":\"https:\/\/lan-com.dk\/#organization\",\"name\":\"Lan-Com A\/S\",\"url\":\"https:\/\/lan-com.dk\/\",\"logo\":{\"@type\":\"ImageObject\",\"inLanguage\":\"da-DK\",\"@id\":\"https:\/\/lan-com.dk\/#\/schema\/logo\/image\/\",\"url\":\"https:\/\/lan-com.dk\/shop\/wp-content\/uploads\/2024\/11\/cropped-lan-com-logo.png\",\"contentUrl\":\"https:\/\/lan-com.dk\/shop\/wp-content\/uploads\/2024\/11\/cropped-lan-com-logo.png\",\"width\":246,\"height\":43,\"caption\":\"Lan-Com A\/S\"},\"image\":{\"@id\":\"https:\/\/lan-com.dk\/#\/schema\/logo\/image\/\"}}]}<\/script>\n<!-- \/ Yoast SEO plugin. -->","yoast_head_json":{"title":"GIGA-LAN S-FTP KABEL 4X2XAWG23 KAT7 LSZH HVID 1000 MHZ 500M TRL CPR:DCA - Lan-Com A\/S","robots":{"index":"index","follow":"follow","max-snippet":"max-snippet:-1","max-image-preview":"max-image-preview:large","max-video-preview":"max-video-preview:-1"},"canonical":"https:\/\/lan-com.dk\/shop\/vare\/giga-lan-s-ftp-kabel-4x2xawg23-kat7-lszh-hvid\/","og_locale":"da_DK","og_type":"article","og_title":"GIGA-LAN S-FTP KABEL 4X2XAWG23 KAT7 LSZH HVID 1000 MHZ 500M TRL CPR:DCA - Lan-Com A\/S","og_description":"1000 MHZ 500M TRL CPR:DCA","og_url":"https:\/\/lan-com.dk\/shop\/vare\/giga-lan-s-ftp-kabel-4x2xawg23-kat7-lszh-hvid\/","og_site_name":"Lan-Com A\/S","article_modified_time":"2026-04-09T14:45:46+00:00","og_image":[{"width":1800,"height":460,"url":"https:\/\/lan-com.dk\/wp-content\/uploads\/2025\/04\/122507.jpg","type":"image\/jpeg"}],"twitter_card":"summary_large_image","schema":{"@context":"https:\/\/schema.org","@graph":[{"@type":"WebPage","@id":"https:\/\/lan-com.dk\/shop\/vare\/giga-lan-s-ftp-kabel-4x2xawg23-kat7-lszh-hvid\/","url":"https:\/\/lan-com.dk\/shop\/vare\/giga-lan-s-ftp-kabel-4x2xawg23-kat7-lszh-hvid\/","name":"GIGA-LAN S-FTP KABEL 4X2XAWG23 KAT7 LSZH HVID 1000 MHZ 500M TRL CPR:DCA - Lan-Com A\/S","isPartOf":{"@id":"https:\/\/lan-com.dk\/#website"},"primaryImageOfPage":{"@id":"https:\/\/lan-com.dk\/shop\/vare\/giga-lan-s-ftp-kabel-4x2xawg23-kat7-lszh-hvid\/#primaryimage"},"image":{"@id":"https:\/\/lan-com.dk\/shop\/vare\/giga-lan-s-ftp-kabel-4x2xawg23-kat7-lszh-hvid\/#primaryimage"},"thumbnailUrl":"https:\/\/lan-com.dk\/shop\/wp-content\/uploads\/2026\/04\/122507.jpg","datePublished":"2025-04-23T12:07:12+00:00","dateModified":"2026-04-09T14:45:46+00:00","breadcrumb":{"@id":"https:\/\/lan-com.dk\/shop\/vare\/giga-lan-s-ftp-kabel-4x2xawg23-kat7-lszh-hvid\/#breadcrumb"},"inLanguage":"da-DK","potentialAction":[{"@type":"ReadAction","target":["https:\/\/lan-com.dk\/shop\/vare\/giga-lan-s-ftp-kabel-4x2xawg23-kat7-lszh-hvid\/"]}]},{"@type":"ImageObject","inLanguage":"da-DK","@id":"https:\/\/lan-com.dk\/shop\/vare\/giga-lan-s-ftp-kabel-4x2xawg23-kat7-lszh-hvid\/#primaryimage","url":"https:\/\/lan-com.dk\/shop\/wp-content\/uploads\/2026\/04\/122507.jpg","contentUrl":"https:\/\/lan-com.dk\/shop\/wp-content\/uploads\/2026\/04\/122507.jpg","width":1800,"height":460},{"@type":"BreadcrumbList","@id":"https:\/\/lan-com.dk\/shop\/vare\/giga-lan-s-ftp-kabel-4x2xawg23-kat7-lszh-hvid\/#breadcrumb","itemListElement":[{"@type":"ListItem","position":1,"name":"Home","item":"https:\/\/lan-com.dk\/shop\/"},{"@type":"ListItem","position":2,"name":"Shop","item":"https:\/\/lan-com.dk\/shop\/"},{"@type":"ListItem","position":3,"name":"GIGA-LAN S-FTP KABEL 4X2XAWG23 KAT7 LSZH HVID 1000 MHZ 500M TRL CPR:DCA"}]},{"@type":"WebSite","@id":"https:\/\/lan-com.dk\/#website","url":"https:\/\/lan-com.dk\/","name":"Lan-Com A\/S","description":"Leverand\u00f8rer af IT-kabelsystemer til El og tele markedet","publisher":{"@id":"https:\/\/lan-com.dk\/#organization"},"potentialAction":[{"@type":"SearchAction","target":{"@type":"EntryPoint","urlTemplate":"https:\/\/lan-com.dk\/?s={search_term_string}"},"query-input":{"@type":"PropertyValueSpecification","valueRequired":true,"valueName":"search_term_string"}}],"inLanguage":"da-DK"},{"@type":"Organization","@id":"https:\/\/lan-com.dk\/#organization","name":"Lan-Com A\/S","url":"https:\/\/lan-com.dk\/","logo":{"@type":"ImageObject","inLanguage":"da-DK","@id":"https:\/\/lan-com.dk\/#\/schema\/logo\/image\/","url":"https:\/\/lan-com.dk\/shop\/wp-content\/uploads\/2024\/11\/cropped-lan-com-logo.png","contentUrl":"https:\/\/lan-com.dk\/shop\/wp-content\/uploads\/2024\/11\/cropped-lan-com-logo.png","width":246,"height":43,"caption":"Lan-Com A\/S"},"image":{"@id":"https:\/\/lan-com.dk\/#\/schema\/logo\/image\/"}}]}},"_links":{"self":[{"href":"https:\/\/lan-com.dk\/shop\/wp-json\/wp\/v2\/product\/15578","targetHints":{"allow":["GET"]}}],"collection":[{"href":"https:\/\/lan-com.dk\/shop\/wp-json\/wp\/v2\/product"}],"about":[{"href":"https:\/\/lan-com.dk\/shop\/wp-json\/wp\/v2\/types\/product"}],"wp:featuredmedia":[{"embeddable":true,"href":"https:\/\/lan-com.dk\/shop\/wp-json\/wp\/v2\/media\/18782"}],"wp:attachment":[{"href":"https:\/\/lan-com.dk\/shop\/wp-json\/wp\/v2\/media?parent=15578"}],"wp:term":[{"taxonomy":"product_brand","embeddable":true,"href":"https:\/\/lan-com.dk\/shop\/wp-json\/wp\/v2\/product_brand?post=15578"},{"taxonomy":"product_cat","embeddable":true,"href":"https:\/\/lan-com.dk\/shop\/wp-json\/wp\/v2\/product_cat?post=15578"},{"taxonomy":"product_tag","embeddable":true,"href":"https:\/\/lan-com.dk\/shop\/wp-json\/wp\/v2\/product_tag?post=15578"}],"curies":[{"name":"wp","href":"https:\/\/api.w.org\/{rel}","templated":true}]}}